 -2). Let y be 52/13 + (-5)/((-5)/(-21)). Let p = d - y. Calculate the greatest common divisor of p and 5.
5
Let l = 125 - -1006. What is the highest common factor of l and 609?
87
Let a(j) = 13*j**3 - 2*j**2 + 2*j. Let v be a(1). Let c(g) = 3*g + 2 - 8 - v*g. Let q be c(-2). Calculate the highest common factor of 14 and q.
14
Let o(n) = -47*n + 2933. Let t be o(62). What is the highest common divisor of t and 1?
1
Suppose -30*d + 54534 = 31*d. Calculate the highest common factor of d and 12.
6
Suppose 17617 = 254*j + 2631. What is the greatest common divisor of j and 7021?
59
Let h(i) = 585*i**2 - 2*i + 3. Let w be h(-5). Calculate the highest common divisor of 26 and w.
26
Let w(r) = 3*r**3 + r**2 - 3*r + 4. Let f be w(4). Suppose 140*d - 73*d + 300 = 69*d. What is the greatest common factor of f and d?
50
Suppose 16*z - 840 = 9*z. Suppose 3*h - 320 = -h. Calculate the highest common divisor of h and z.
40
Let i = 706 + -464. Suppose i = g - 0. Suppose -2*a = -36 - 8. What is the highest common factor of g and a?
22
Suppose 4*i = 2*l + 6798, 8*i + 3*l - 14420 = -873. What is the highest common factor of i and 2332?
212
Let s be 4/(-14) + (-3738)/(-49). Let z be 156/546 + -25*s/(-14). What is the greatest common divisor of 8 and z?
8
Suppose 6*p - p = -5*c + 25, 2*c = 2*p - 6. Suppose 0*m - 34 = -k + p*m, 2*m = 5*k - 242. What is the highest common factor of 175 and k?
25
Let q(u) = -3*u + 54. Let m be q(14). Let k be ((-8)/(-12))/(2/m). Suppose 3*g = 4*j - 10, -6 - 2 = -2*j. What is the greatest common divisor of k and g?
2
Suppose -14 = -6*u - 2. Let v = 46 + -40. Suppose -5*n - v = -96. Calculate the highest common factor of n and u.
2
Let h(k) = -k**3 - 53*k**2 + 57*k + 429. Let r be h(-54). What is the highest common divisor of 1691 and r?
89
Let n(b) = -1140*b + 7222. Let v be n(-17). Calculate the greatest common factor of v and 94.
94
Let w be -4*((-6)/57 + (-198)/(-76)). Let d be (-310)/(-75) - w/(-75). Let u be (0 - 5)*(-8)/10. What is the highest common divisor of u and d?
4
Let o(u) = -12*u**3 - 5*u**2 + 42*u + 94. Let q be o(-2). Calculate the greatest common factor of 5074 and q.
86
Let k(l) = l**2 - 15*l + 48. Let r be k(11). Suppose 2*z + r = 8, -4*a = z - 126. What is the highest common divisor of a and 248?
31
Let d(w) = w**3 + 8*w**2 - 43*w - 182. Let q be d(-10). What is the highest common factor of q and 420?
12
Suppose 48*l - 53*l + 60 = 0. What is the highest common factor of 3396 and l?
12
Let u be 8/(-16) - 3/(18/(-483)). Suppose w = 2 - 7. Let x be (15/(-12))/(w/80). Calculate the greatest common divisor of u and x.
20
Let m(k) = 2*k - 8. Let p be m(6). Suppose i = -5*l + 15 + 2, 4*i = -p*l + 148. What is the greatest common divisor of 42 and i?
42
Let v(t) = -t**3 + 4*t**2 - t - 1. Let n be v(2). Suppose 116 = 2*l - 2*r, -n*r = -34 + 14. What is the highest common divisor of 558 and l?
62
Suppose 167*w = -36*w + 1827. What is the greatest common factor of 113 and w?
1
Suppose -84 = 4*k - 5*k. Let p be (360/75)/(1 + k/(-85)). Suppose 3*t + p = 2*n, 4*n - 5*t + 120 - 932 = 0. Calculate the greatest common divisor of n and 18.
18
Suppose -6 = 17*b - 12*b + 3*f, -3*b + f + 2 = 0. Suppose b = -10*r + 312 + 948. Calculate the highest common divisor of 154 and r.
14
Let v be 1588/5*-5*(-9)/18. Let y = v + -437. What is the highest common factor of 21 and y?
21
Suppose -2*v = 3*u - 121, -2*u - v = 2*v - 84. Let f be u*(0 + (-8)/(-3)). Suppose -1030*s = -267*s - 9919. Calculate the greatest common divisor of s and f.
13
Let v(n) = 2*n**3 - 5*n**2 - 4*n - 1. Let o be v(5). Suppose -3*j - 4*j = 224. Let s = 45 + j. Calculate the highest common divisor of s and o.
13
Let o = -13676 + 14001. What is the highest common divisor of 200 and o?
25
Let z be (-14 - -29)*7/35. Let f(y) = -y**3 - y - 4. Let j be f(-5). Let a be ((-28)/(-6))/(z/j). Calculate the highest common factor of 28 and a.
28
Suppose 8*j - 474 - 182 = 0. What is the greatest common factor of 6 and j?
2
Let w be 3/((1/(-18))/((-4)/6)). Suppose -40*q + w = -37*q. Calculate the highest common factor of 96 and q.
12
Let g = 6187 - 6154. Calculate the highest common divisor of g and 649.
11
Suppose -4*w + 4*l - 596 + 4564 = 0, 0 = 3*w - 6*l - 2952. Calculate the greatest common factor of w and 320.
40
Suppose -468 = -2*f + 8*f. Let r = -24 - f. Let n = 3 - -3. Calculate the greatest common factor of n and r.
6
Let t(y) = 2*y**3 - 243*y**2 - 132*y + 1385. Let u be t(122). What is the greatest common factor of 4895 and u?
55
Let k be ((-11)/(495/504))/((-14)/455). Calculate the highest common factor of 3068 and k.
52
Let w be (-1)/(20/8 - 3). Suppose -w*f = f + 4*h - 23, 3*f - 3*h - 9 = 0. Calculate the greatest common divisor of 80 and f.
5
Let w be -2 + (-124)/(-10) + (-4)/10. Let a be (0 + -10)*(-65)/w. Let s = -24 + 37. What is the greatest common factor of s and a?
13
Let w = -15372 - -15468. What is the greatest common factor of w and 33?
3
Let t = -1268 + 1314. Calculate the greatest common factor of 16606 and t.
46
Let q(c) = 5*c**2 + 6*c - 113. Let a be q(10). Calculate the greatest common divisor of 3 and a.
3
Let k = -306 + 339. Let y(w) = -w**2 + 36*w + 33. Let n be y(k). What is the greatest common factor of n and 330?
66
Let s(i) = -i**3 + 5*i**2 + 3*i - 6. Let c be s(4). Suppose 365304*p = 365298*p + 5412. What is the greatest common factor of p and c?
22
Let v be -6 - ((-47698)/140 + (-12)/40). What is the highest common factor of v and 5?
5
Suppose -168*k = -167*k - 12. Let x(f) = f**3 - 11*f**2 + 17*f - 18. Let b be x(k). What is the greatest common divisor of 30 and b?
30
Let j be -248 + 255 - (-2 - 1)*(-38)/(-3). Let i(v) = 27*v**2 - v - 1. Let c be i(-1). Calculate the highest common factor of c and j.
9
Let a = -6005 - -6555. Calculate the highest common factor of a and 130.
10
Let i be (215/86)/(1/(-4)*-2). Suppose -5*f - 5*n = -145, -i*f - n + 124 = -3*n. Calculate the highest common divisor of f and 221.
13
Let a be ((-9)/72)/(9/72) + -4 + 3645. Calculate the greatest common divisor of 1008 and a.
56
Let b(k) = -8*k**3 + 7*k**2 + 26*k + 131. Let z be b(-12). Calculate the greatest common divisor of z and 26.
13
Let k(u) = 3*u - 42. Let j be k(20). Suppose -131 - 229 = -8*q. What is the highest common divisor of j and q?
9
Suppose -w - 3*o = -9104, 2*o = -15*w + 14*w + 9096. What is the highest common factor of w and 160?
40
Let j be -3 - 30*5/(-10). Let d be j/(-2) + 336/12. Calculate the highest common divisor of d and 11.
11
Let d = 94 + 8. Suppose 101*b - 87 = d*b. Let a = b - -109. What is the highest common divisor of 55 and a?
11
Let c = 676 + -660. Let y(j) = -j + 9. Let o be y(6). Suppose o*i + 2*i = 640. Calculate the greatest common divisor of i and c.
16
Let b(w) = -w**3 + 2*w**2 - 2*w - 69. Let j be b(0). Let x be 6/(-4) - j/6*1. Let v = 23 + x. Calculate the highest common factor of v and 66.
33
Suppose -2*s - 4*s = 2*s. Suppose s = -2*k + 5*f + 31, -f - 16 = -2*k + f. Suppose k*v - 4*v + 35 = 0. What is the greatest common factor of 70 and v?
35
Let y = 169 + -166. Let w be (6/5)/(y/15) - 3. What is the highest common divisor of 87 and w?
3
Let n = 2094 + -1999. Calculate the greatest common factor of 152 and n.
19
Suppose 70*i + 12 = 76*i. Suppose -2*h = 5*u - 95, -4*h + i*u + 127 = -51. What is the greatest common factor of 75 and h?
15
Suppose -13*w + 3*w + 40 = 0. Let c(m) = m - 3*m + 18 - w + 3. Let h be c(-4). What is the highest common divisor of h and 50?
25
Suppose 0 = -3*d - 2*g + 325, -99*g + 102*g = 15. Calculate the greatest common divisor of 1995 and d.
105
Suppose -2*y - 5*b = -147, -3*y - b + 224 = 3*b. Let t = 164 + -160. Calculate the highest common divisor of y and t.
4
Suppose 0 = -w + y, -w - y + 39 = 31. Calculate the greatest common divisor of 202 and w.
2
Suppose -6*f + f = 5*c + 1700, -f - 1024 = 3*c. Let m = 372 + c. Calculate the highest common divisor of 10 and m.
10
Let l be 6/1*5/(-10). Let z(v) = -3*v**3 + 2*v**2 - 4. Let m be z(l). Suppose -20*a - 38 = -418. Calculate the greatest common divisor of m and a.
19
Let w = -17487 - -23644. Calculate the greatest common factor of 94 and w.
47
Suppose 2791 = 22*c - 2159. Calculate the highest common factor of c and 45.
45
Let z be 7/(-3) + 2 - (-59041)/4